v(d) = 3*d - 1. Let q be v(-1). Let n = q - -9. Suppose n*r - g - g = 31, r - g = 8. List the prime factors of r.
5
Let n(t) = 2*t + 4*t - 7 + 3*t. List the prime factors of n(6).
47
Suppose -3*f + 2*j - 4 = 0, j + 0*j = -3*f + 11. What are the prime factors of f?
2
Let t(b) = b**2 - 5*b + 8. What are the prime factors of t(6)?
2, 7
Let y be 12/4*(-2)/(-2). List the prime factors of (0 - -3)/(y/10).
2, 5
Let h = -251 + 351. List the prime factors of h.
2, 5
Suppose -3*h + 6 = -69. List the prime factors of h.
5
Let y be (-4)/(-5)*(0 + 5). Suppose -x - y*x + 15 = 0. Suppose -2*h - h - x*t = -15, -5*t = 4*h - 17. List the prime factors of h.
2
Suppose -2*m + 5 = -5. Suppose 3*t + 65 = -0*w + 4*w, 3*w - 46 = m*t. Suppose -2*x + w + 13 = 0. What are the prime factors of x?
3, 5
Let t(r) = 68*r**2 + 5. What are the prime factors of t(-2)?
277
Let o(s) = s**3 - 10*s**2 + 9*s - 1. Let c be o(9). Let g(u) = -11*u - 1. List the prime factors of g(c).
2, 5
Let t be (155/20)/((-2)/(-8)). Suppose -3*k = 4*v - 25, 0 = 4*k - 4*v - t + 7. Suppose -1 = 3*n - k. What are the prime factors of n?
2
Let i be 3/(1 - (-2)/(-8)). Suppose i*v = 2*z - 8, 4*z + 2*v = -z + 68. List the prime factors of z.
2, 3
Let b = -2 - -25. List the prime factors of b.
23
Suppose -2*k - k - 2*m + 307 = 0, 4*k + 5*m - 400 = 0. Suppose p = -r + 6*r + 42, -4*r - k = -5*p. What are the prime factors of p?
17
Let b = 1 + -1. Let l(i) = -i**3 + i**2 - 8. Let p be l(b). Let c(o) = -o**2 - 10*o - 8. What are the prime factors of c(p)?
2
Suppose 3*o = -0*b - b, 12 = 4*b. Let w = 11 + o. Suppose -j - 2 = 4*x, 2*j - 6 - w = 2*x. What are the prime factors of j?
2, 3
Let z = 5 - 4. Let h be (6 - 18) + z*3. Let g(b) = b**3 + 9*b**2 - 2*b - 13. List the prime factors of g(h).
5
Let r be (5 - -4)*(-2)/(-1). Let p = r + -4. List the prime factors of p.
2, 7
Suppose -5*c + 20 = 0, -2*c = 6*p - 2*p - 12. Suppose -5*u - 15 = -2*a, -2*a - u + 34 - p = 0. What are the prime factors of a?
3, 5
Suppose b = -4*b + 435. What are the prime factors of b?
3, 29
Suppose 116 = 10*h - 534. List the prime factors of h.
5, 13
Suppose -3 - 4 = -t. List the prime factors of t.
7
Let d be 14/6 - (-8)/12. Suppose d*f - z - 5 = 7, 12 = 5*f + z. Suppose 3*r - 15 = -f*v, 0*v - 2 = -v - 4*r. What are the prime factors of v?
2, 3
Let i(d) = -11*d + 4. Let y be i(-3). Suppose b - 7 = -a - 1, 2*a - 3*b = y. List the prime factors of a.
11
Let d be (-3)/(-1 - 2/(-8)). Suppose 20 = 5*o - 0*o - 2*r, 0 = d*o - 4*r - 16. What are the prime factors of o?
2
List the prime factors of 4/18 + (-304)/(-9).
2, 17
Suppose -2*x = 4*s, -2 = 3*s + 4*x + 8. Suppose -s*f = f - 27. Let y = f - 1. List the prime factors of y.
2
Let h = 13 - 11. Let u = 24 + h. List the prime factors of u.
2, 13
Let j(n) = -n - 14. Let t be j(-8). Let f(m) be the second derivative of -m**3/3 - 4*m**2 + m. List the prime factors of f(t).
2
Suppose 3 = 4*o - 13. Suppose o*h - 204 = h. Suppose 86 = 5*j - 4*r, 4*j + 0*r = 3*r + h. List the prime factors of j.
2, 7
List the prime factors of (116/5)/((4/20)/1).
2, 29
Let l be 1/(-5) - (-36)/30. Let m = l + 0. What are the prime factors of (12/(-1))/(m/(-1))?
2, 3
Suppose -5*g - 35 = 4*o, -3 = 2*g + 4*o + 23. Let l = 5 + g. Suppose 4*v = l*v + 20. What are the prime factors of v?
2, 5
Let s = -4 + 6. Let z = s + 1. Suppose 2*v = z*d + v - 56, 2*d + 4*v - 28 = 0. List the prime factors of d.
2, 3
Let x be 0*(10/(-4) - -2). Suppose 0 = 5*j + 2*s - 0 - 15, x = 3*j + s - 9. List the prime factors of j.
3
Let h(r) be the third derivative of -r**4/24 + 5*r**3/3 + r**2. List the prime factors of h(-5).
3, 5
Let g(f) be the first derivative of -f**2 + 14*f + 4. What are the prime factors of g(-10)?
2, 17
Let w(r) = r. Let l be w(0). Suppose -3*i + 11 = 5*y + 2, -4*y + 4*i + 20 = 0. Let u = y - l. List the prime factors of u.
3
Let o(k) = -k**2 - 5*k - 2. Let v be o(-3). Let y be (-6)/v*4/(-3). Let t = y - -3. List the prime factors of t.
5
Let y = -44 + -22. What are the prime factors of 2/5 - y/10?
7
Suppose -3*v = -6 - 9. Let m = 8 + -5. Suppose 0 = -p + 5 - m, -o = -v*p. What are the prime factors of o?
2, 5
Suppose 4*s = -4*g - 76, 5*g + s - 3 = -118. List the prime factors of 27*1*(-16)/g.
2, 3
Suppose -3*u = -4*t + 663, 3*u - 657 = -4*t - 0*t. What are the prime factors of t?
3, 5, 11
Let w(o) = 3*o**2 + 8*o + 14. List the prime factors of w(-6).
2, 37
Let h = -2 - -5. Suppose -c - h*k = 2*k + 7, 0 = -2*c + k + 30. List the prime factors of c.
13
Suppose 0 = 3*k - 0*k. Suppose k*u - 4 = -2*u. What are the prime factors of u?
2
What are the prime factors of ((-18)/(-36))/((-2)/(-544))?
2, 17
Let w(p) = 97*p**2 - 6*p + 10. List the prime factors of w(2).
2, 193
Suppose 4*q - 2*q + 4*a = -6, 2 = 2*q + 2*a. Suppose -9 = -4*g - q*j, 3*g - 3*j = -8*j + 3. What are the prime factors of g?
2, 3
Suppose -v = v + 10. Let h be (1 - v)*(-1 - -2). Let s = h + -4. List the prime factors of s.
2
Let h = 0 - -5. Suppose y - 3*b - 4 = -h*b, -4*y = -4*b - 76. Suppose -w = w - y. List the prime factors of w.
7
Suppose -2*o = 2*o - 8. Suppose -q - 1 = o. List the prime factors of -2*q/6 + 3.
2
Let k(x) = 11*x**2 - 11*x - 17. Let z(o) = 5*o**2 - 6*o - 9. Let f(u) = 4*k(u) - 9*z(u). What are the prime factors of f(11)?
2
Let g = -27 - -14. Let o = g - -26. What are the prime factors of o?
13
List the prime factors of (-6216)/(-30) + 2/(-10).
3, 23
Suppose -3*h - 61 = -7. Let z be 12/h - 2/(-3). Let q = 2 - z. What are the prime factors of q?
2
Suppose 2 = l - 3, 4*d + 2*l = 342. Suppose -d = -0*h + 4*h + u, -26 = h - 5*u. Let q = 32 + h. List the prime factors of q.
11
Let c(w) = -5*w. Let x be c(-2). Suppose -4*a - h + 22 = -36, a - 2*h = x. What are the prime factors of a?
2, 7
Let f = 92 - 42. List the prime factors of f.
2, 5
Let w(q) be the third derivative of -q**5/60 + q**4/8 + 2*q**3/3 - q**2. Let m(v) = -v**2 - 5*v + 3. Let i be m(-5). List the prime factors of w(i).
2
Let s = -4 + 10. Suppose -2*k + 0 = -s. What are the prime factors of (11*-2)/(-5 + k)?
11
Let f(q) = -q**2 - 10*q - 11. List the prime factors of f(-8).
5
Let q = 4 + -2. Suppose -q*y = -6*y + 40. List the prime factors of y.
2, 5
Suppose z + 0 = -d - 4, 3*z + 5*d = -4. Let f be 110/4*z/(-5). Suppose 0 = 5*u - f - 6. What are the prime factors of u?
2, 5
Let f = -11 + 10. List the prime factors of 9 - (-1 + f + 3).
2
Let o = 4 - 3. Suppose -3*t + 5*g - 37 = 0, -3*t - 33 = g - 4*g. What are the prime factors of (1 - t) + o/1?
11
Let w(j) = -5 - 2*j + 4*j + 4*j**2 + 0 - 3*j**2. Let z be w(-4). Suppose -z*t + 2*t - 4 = -q, 0 = -2*q - 5*t - 6. List the prime factors of q.
2
Let p be (-11 + 4)/(3 - 2). List the prime factors of ((-21)/p)/(6/68).
2, 17
Suppose -4*f - 3*v = -303, -4*f - 4*v + 313 = v. List the prime factors of f.
2, 3
Suppose 0 = 4*x - 2*x - 6. Let u = 1 + x. Suppose u*b - 4 = 12. List the prime factors of b.
2
Let l(h) = 3*h - 8*h - 1 + 3. What are the prime factors of l(-4)?
2, 11
Let p = -141 + 281. What are the prime factors of p?
2, 5, 7
Let u be (-68)/(-5)*5/2. Suppose 0*r = -r - 2*d + u, 19 = r - 3*d. List the prime factors of r.
2, 7
Let b = 2 - -1. Suppose b*m + m = 60. List the prime factors of m.
3, 5
Let b = 4 + -9. List the prime factors of (4/b)/(22/(-165)).
2, 3
Suppose -a + 99 = 2*a + 2*p, -4*a - p + 132 = 0. What are the prime factors of a?
3, 11
Let f(k) = -k + 1. Let b be f(7). Let u(w) = 2*w**2 + 6*w - 8. What are the prime factors of u(b)?
2, 7
Suppose 0 = 4*o + 5*k - 84, -4*k = -8*k + 16. List the prime factors of o.
2
Suppose 60 = -2*p - 3*p. What are the prime factors of (-45)/p*(-32)/(-6)?
2, 5
Let t be (1/(-2))/((-2)/(-4)). Let a(o) be the third derivative of -o**4/12 - 9*o**2. What are the prime factors of a(t)?
2
Suppose -29*q + 26*q = -330. What are the prime factors of q?
2, 5, 11
List the prime factors of (2 - 0)/(8/76).
19
Let c(t) = 3*t + 2. List the prime factors of c(13).
41
Let t = -16 + 26. Let l(n) = -n + 5. Let f be l(t). List the prime factors of (-23)/f - (-4)/10.
5
Suppose 4*g - 3*g = 0. Let p(q) = -7 + g*q**2 + 0*q**2 - q**2 - 8*q. List the prime factors of p(-5).
2
Let o be (-15)/(-18)*42/7. Suppose -6*w + o*w = -9. What are the prime factors of w?
3
Suppose 0*w = -5*w + 465. Suppose 2*q - 87 = w. What are the 